e 0 = -2*m + 10, -4*l = -8*l - 2*m + 310. Suppose -5*y + l = -90. Is y prime?
False
Suppose -4*z = h - 292, 3*z - 1254 = -4*h - 34. Let t(g) = -8*g**2 + g - 8. Let i be t(-5). Let x = i + h. Is x a composite number?
True
Suppose t = 11 + 11. Is t a prime number?
False
Suppose p - 2*d + 4 = 0, d = -3*p + 5*p + 2. Suppose -q + 22 - 7 = p. Is q prime?
False
Suppose i = 5*i + 12, -5*c + 10647 = -4*i. Is c prime?
False
Suppose 5*q + x + 3*x = 50679, 2*q - 3*x - 20267 = 0. Is q a prime number?
False
Let o be 2 + 2 + (-2 - -2). Suppose o*s - 156 = -0*s. Is s a composite number?
True
Let l be -2*(-2)/(-8)*12. Is -1*366/(l/2) composite?
True
Let a = 5 + -7. Is a/(-12) - (-713)/6 a prime number?
False
Let d(x) = 35*x**2 + 6*x + 5. Is d(-3) composite?
True
Let k(d) = -22*d. Let c be ((-5)/3 + 2)*-3. Is k(c) composite?
True
Let z be (-2)/7 + (-4)/(-14). Suppose z = -w + 2*w - 3. Is 3 - 1 - w - -38 prime?
True
Is (-10)/(-40) - 443/(-4) a prime number?
False
Let a = 110 - 45. Is a prime?
False
Suppose 0 = 3*z - 8*z + 825. Suppose 0 = -5*o + 3*t + z, -173 = -4*o + 4*t - 33. Suppose d = 4*a + 15 + o, 2*d - 112 = -3*a. Is d prime?
True
Suppose -2*v = -22 - 484. Is v a prime number?
False
Suppose 5*z + 4 = 14. Suppose k = -z*k + 144. Let s = k - 23. Is s a composite number?
True
Is -3 - (-321 + -3 + 2) composite?
True
Let v(z) = 69*z**3 - 4*z**2 - z + 6. Let c(n) = n**3 + n**2 - 1. Let a(t) = 6*c(t) + v(t). Let h be a(1). Suppose -3*f + 7*f - h = 0. Is f composite?
False
Suppose 225 = 5*k - 550. Suppose -4*b + k = b. Is b a prime number?
True
Let g(u) = 69*u**2 - u + 4. Let l be g(-3). Let n = l + -437. Is n composite?
False
Let u = 138 + -80. Is u a prime number?
False
Let w = 233 + -533. Let x = -14 - w. Suppose 5*v = 2*z - 318, 0*z - 3*v = 2*z - x. Is z a composite number?
False
Let v(h) = h**3 - 8*h**2 + 8*h - 9. Let c be v(7). Let i(y) = 9*y**2 - y - 1. Is i(c) prime?
True
Suppose 2*v + 84 = -2*v. Let q = 45 - v. Suppose -m + q = 2*m. Is m a prime number?
False
Suppose -5*j + 25 = 0, -v - v - 2*j = -16. Let k(w) = -w**2 - 3*w + 7. Let r(l) = 1. Let f(t) = -k(t) + 3*r(t). Is f(v) a composite number?
True
Suppose 35 = 3*q + 4*d, -5*d = 2*q - 11 - 24. Is (q/(-10))/((-1)/218) prime?
True
Suppose 2*v = 3*v - 3*u - 292, 0 = 5*u - 5. Is v composite?
True
Let b(q) = -23*q - 6. Let n(x) = -2*x - 9. Let s be n(-7). Let o be b(s). Let d = o + 248. Is d composite?
False
Let b = 603 - -458. Is b prime?
True
Is (3/((-9)/167))/(2/(-18)) a prime number?
False
Suppose -2*y = 3*r - 0*r + 1, -5*y + 10 = -5*r. Let k(j) = -15*j**3 - 39*j**3 + 0*j**2 - 1 - j - j**2. Is k(r) a prime number?
True
Suppose 2*c - 10 = 4*x, 4*c - 14 - 6 = 5*x. Let g(k) = -3 - k + c*k + 6. Is g(8) composite?
True
Let c(w) = 14*w - 5. Let v be (24/15)/(2/5). Is c(v) a composite number?
True
Suppose -4*t + 2*t = 48. Is (-8 + 7)*(t - -1) composite?
False
Suppose -4*m + 2*l = -6768, -4*m + 6*m - 5*l - 3376 = 0. Is m a prime number?
True
Is 103714/234 + (-4)/18 composite?
False
Let h(x) be the third derivative of x**5/30 - x**4/24 - x**3/2 - x**2. Is h(-4) prime?
False
Suppose 0*g - a - 85 = -2*g, a + 165 = 4*g. Let q = 73 - g. Is q composite?
True
Let h = -58 - -599. Is h a prime number?
True
Suppose -5*q = -0*q. Suppose q = -h + 4*h. Suppose -57 = -h*u - 3*u. Is u a prime number?
True
Suppose -5*o = -5*d - 1430, -6*o + 1438 = -o - d. Suppose s = 0, -o = -3*y - 2*s + 39. Is y a composite number?
False
Suppose 5*m = -4*n, -2*n = -5*m - n + 25. Suppose -72 = -0*x + m*x. Let k = 8 - x. Is k composite?
True
Suppose -3*z = 15, 7*z - 4*z + 19 = 2*j. Suppose -2*t - j*k + 3*k + 17 = 0, -3*t - k + 33 = 0. Is t a prime number?
False
Suppose 4*p - 736 = -92. Is p a prime number?
False
Suppose 0*z + z + 401 = 0. Let p = z + 688. Is p composite?
True
Suppose 83 = z + 3*c, 0 = 2*c - 7*c. Is z a composite number?
False
Let l = 12 - 6. Let h(a) = a**3 - 5*a**2 + a + 4. Let p(w) = w**3 - 5*w**2 + 2*w + 4. Let s(u) = 5*h(u) - 4*p(u). Is s(l) prime?
False
Let i(b) be the third derivative of b**6/72 + b**5/60 - b**4/12 - b**3/3 - 3*b**2. Let a(d) be the first derivative of i(d). Is a(5) a prime number?
False
Is (737/1)/(-6 + 7) a composite number?
True
Suppose 24 = -u - 5*u. Let g(n) = 2*n + n**2 + 0*n**2 + 3 - 6*n. Is g(u) prime?
False
Suppose 4*g + n = 177, -g + 11 = -2*n - 22. Suppose -86 = -h - h - 2*c, -5*c = -h + g. Is h prime?
True
Let p be (-2)/(6/(-9))*1. Suppose 6*i = p*i - 15, -5*j + 85 = -2*i. Is j composite?
True
Let x = 377 - 28. Is x/4 + (-1)/4 composite?
True
Suppose -4*s + s = 177. Let l be s/3 - 4/(-6). Let y = 0 - l. Is y a prime number?
True
Let d = -198 + 86. Let r = d - -45. Let o = -30 - r. Is o a prime number?
True
Let o be (-7)/(-4) - 3/(-12). Suppose -m + 55 = 3*w, -o*w + w + 19 = m. Suppose v - 5 = w. Is v a composite number?
False
Suppose 0 = 2*f + 3*f - 10. Let n(m) = 10*m - 4*m**2 + 3*m**f + 2 - 11. Is n(8) prime?
True
Let d(f) = 4*f + 41*f - 13 - 13*f. Is d(7) composite?
False
Is (2 - 1)*(1187 + (2 - 0)) a composite number?
True
Suppose 0 = -5*j - 15, -2*m + 13 = -2*j + j. Suppose -m = i - 81. Is (-1 + 0)/((-4)/i) a prime number?
True
Let j = -155 - -85. Let x = -36 - j. Is x composite?
True
Suppose 0 = 3*t - 5*f - 48 + 10, 3*f = t - 18. Let v be 4/12 + 844/t. Is v/21 - (-2)/7 a prime number?
True
Suppose -g + 2*g = 0. Is g - -3 - -75 - -1 composite?
False
Suppose 10 + 25 = -5*k. Let s = -10 - k. Is (-43)/(s/6*2) prime?
True
Suppose -5*w + 3*g = -g - 3910, -4*g + 3870 = 5*w. Is w prime?
False
Let a be (2 - 0)/(2/5). Suppose 19 - a = t. Is t composite?
True
Is -157*((-2)/(-1))/(0 - 2) a prime number?
True
Let i = 142 - 71. Suppose q = -3*a + i, -99 = -4*a - 3*q + 4. Is a a prime number?
False
Let y = -1138 + 2255. Is y a prime number?
True
Let h(o) = o**2 - o + 77. Suppose -5*k + 5*p - 17 = -7, -4*p = -5*k - 5. Suppose -2*q - k*q = 0. Is h(q) composite?
True
Let f(g) = 4 + 4*g**2 + 0 - 4*g**3 + 4*g - 11. Is f(-5) a prime number?
False
Let k(v) = -5*v**3 - 14*v**2 - 6*v + 5. Let f(w) = 11*w**3 + 28*w**2 + 12*w - 11. Let r(q) = -4*f(q) - 9*k(q). Is r(-12) a prime number?
False
Let r(a) = a + 26. Let o be r(0). Let j(y) = y**3 + 2*y**2 - 10*y - 2. Let p be j(-4). Is o*(-3)/p*-2 prime?
False
Let z(j) = -j + 1. Let b be z(0). Let u be -3*(-2 - b/(-3)). Suppose 211 = u*w - 354. Is w a prime number?
True
Let j = -14 - -10. Let w be j/(-10) - 23692/(-20). Suppose 0*p = 3*p - w. Is p composite?
True
Let i = 238 - -346. Suppose -4*x + 77 + 479 = 4*g, 4*x = 3*g + i. Is x a composite number?
True
Let d be (-1 + 3)/(6 - 4). Suppose -3*f - 4*y + d - 3 = 0, -5*f - y + 25 = 0. Is f a composite number?
True
Let d(x) = -37*x - 1. Is d(-8) a composite number?
True
Let v(b) = b**2 - 5. Let m = 3 + -2. Suppose -m = 3*z - 13. Is v(z) a prime number?
True
Suppose -110 + 464 = 6*m. Is m a prime number?
True
Let g = -3 - -5. Suppose g*q - q = 13. Is q a composite number?
False
Let a = 126 - 83. Suppose -2*c = g - a, 123 = 3*g + 2*c + c. Is g prime?
False
Let o be ((-7)/2 - 2)*-6. Suppose -k + 3*l - 11 = -o, 5*l = 0. Is k a composite number?
True
Is 3719/16*4*4 composite?
False
Let o(g) = -9*g + 4. Is o(-2) prime?
False
Let f be (0 + 1)*5 + 0. Suppose f*h - 572 + 87 = 0. Is h a prime number?
True
Let y = -3 + -9. Let n = y - -26. Is n prime?
False
Let t(i) = 6*i + 2. Is t(2) a composite number?
True
Let m(s) = 2*s**2 + 7*s + 16. Let v be m(-11). Suppose -v - 20 = -3*f. Is f a prime number?
True
Let m(l) = -l**3 - 4*l**2 + 4*l - 2. Let s be m(-5). Suppose 0 = 5*n + s*p - 24, -8 = -4*n + 3*n + p. Is (0 - -201)*2/n composite?
False
Suppose -16*g = -19*g + 801. Is g composite?
True
Suppose -3*y - 3*g = -0*g - 12, 0 = 4*y - g - 11. Is 3/(y*(-2)/(-28)) a prime number?
False
Let b = -61 + 118. Is b composite?
True
Suppose 9 = -4*v + 5*v. Suppose -3*b + 2*m + 663 = 0, -5*b + 1110 = 4*m - v*m. Let l = b - 76. Is l a composite number?
True
Let k = -991 - -1400. Is k a composite number?
False
Suppose 2*x - g - 163 - 93 = 0, -2*x - g = -260. Is x a prime number?
False
Let o be 385/2 - (-21)/(-14). Let t = o - 114. Is t composite?
True
Suppose -5*j + 488 - 43 = 0. Is j prime?
True
Let i = -285 + 470. Is i a composite number?
True
Let n be (-2)/(-4) + (-230)/(-4). Let i = -28 + 33. Suppose p + n = i*x - 34, 3*p = 5*x - 86. Is x a